base 7) to base 16.
-26e0e1
What is 142a1c1 (base 14) in base 11?
5583a71
Convert -3693937 (base 13) to base 2.
-1000000101111111001010000
-20112121202 (base 4) to base 13
-5b840a
-4aa59 (base 11) to base 7
-423155
10111001010001110110100 (base 2) to base 14
b40788
What is 1059031 (base 13) in base 2?
10011000010000111110011
1412513 (base 6) to base 4
103130331
1111001000111010000100 (base 2) to base 12
13b4804
-3cb3e (base 15) to base 11
-123490
What is 68765 (base 10) in base 14?
1b0bb
Convert 70940 (base 14) to base 11.
175450
113014340 (base 5) to base 16
7e2ed
-3350251 (base 7) to base 10
-415507
What is 64680 (base 10) in base 8?
176250
-21132031233 (base 4) to base 14
-488c91
What is 100001101001001100000 (base 2) in base 7?
12241042
What is -2796f (base 16) in base 5?
-20142114
483627 (base 11) to base 13
20a903
What is 122120201112 (base 3) in base 16?
547d9
565715 (base 8) to base 7
1425061
-1121020210121 (base 3) to base 4
-3033311332
-110010111010110011 (base 2) to base 15
-41be3
What is 4003644 (base 8) in base 15?
15b407
-176377 (base 10) to base 9
-287844
-10111112220000 (base 3) to base 8
-7062700
Convert -20b2c (base 13) to base 9.
-88856
17ee5 (base 15) to base 16
12f2f
Convert 4400144 (base 6) to base 15.
447e7
Convert 114094 (base 10) to base 3.
12210111201
Convert 1201201012 (base 3) to base 9.
51635
What is -6ac1b (base 13) in base 16?
-2fb3c
Convert -1066955 (base 10) to base 6.
-34511335
-11110100100000011 (base 2) to base 7
-1030656
What is 4543143 (base 7) in base 11?
35682a
Convert -11123653 (base 7) to base 15.
-140a27
What is 829860 (base 11) in base 16?
144e0f
Convert -193262 (base 10) to base 12.
-93a12
-4d02f (base 16) to base 5
-40043224
What is 313430145 (base 6) in base 7?
64460636
-63231312 (base 7) to base 3
-101001001221220
Convert 1001010010011111010111 (base 2) to base 12.
9951b3
Convert -16a920 (base 13) to base 8.
-2121640
Convert -1021110301 (base 4) to base 9.
-506877
What is -1341022100 (base 5) in base 13?
-93c594
Convert -112000002010212 (base 3) to base 5.
-3401113421
54491a (base 11) to base 12
35b751
-114224551 (base 6) to base 3
-11002000100211
Convert 312550 (base 7) to base 15.
10e0d
Convert 111110221200 (base 3) to base 16.
40c68
-8765111 (base 9) to base 11
-2726196
What is -112660 (base 10) in base 14?
-2d0b2
1360675 (base 8) to base 12
1670a5
What is -11523499 (base 10) in base 8?
-53752653
426684 (base 11) to base 14
13a910
Convert -160026 (base 10) to base 12.
-78736
What is -3153532 (base 7) in base 4?
-1131201100
43551 (base 13) to base 9
205003
Convert -101221100222 (base 3) to base 4.
-310210130
What is 827b2 (base 12) in base 11?
1070a8
Convert 1111101110011110011001 (base 2) to base 5.
2023410041
Convert 1bcaea (base 15) to base 12.
556704
What is 3185281 (base 9) in base 2?
110100001011010101100
102112020001 (base 3) to base 5
24230012
-1101110111011100111101 (base 2) to base 16
-37773d
What is -1000010110111101011 (base 2) in base 3?
-111220201102
-26b73b5 (base 14) to base 9
-38214656
What is 10100100001111110 (base 2) in base 4?
110201332
Convert -34404b (base 12) to base 10.
-836411
Convert 1103320102 (base 4) to base 16.
53e12
Convert 245400053 (base 6) to base 9.
8828636
What is -405011 (base 6) in base 16?
-7dbf
286d1 (base 14) to base 9
162330
What is 12121101021 (base 3) in base 15?
22a71
What is -44de7a (base 15) in base 14?
-617d1a
-1010100100110110 (base 2) to base 3
-2012102101
Convert 118b42 (base 15) to base 9.
1518558
-71eb3f (base 16) to base 9
-15038123
Convert 218a29 (base 13) to base 10.
790448
Convert -136241 (base 8) to base 16.
-bca1
-4aba85 (base 14) to base 2
-1001110010111000100101
Convert -147727 (base 15) to base 11.
-6146a5
What is -52425 (base 15) in base 4?
-333223022
What is 296131 (base 14) in base 16?
15f18f
What is 4441221 (base 5) in base 12?
38b5a
Convert 60a2e (base 16) to base 6.
12252302
What is -34434302 (base 5) in base 16?
-4c213
95155 (base 10) to base 5
11021110
-140525 (base 10) to base 11
-96640
-1230401 (base 6) to base 16
-102c1
157a3a1 (base 12) to base 6
234054321
2447077 (base 8) to base 3
1021022110111
What is -330342 (base 7) in base 5?
-3322201
Convert ca794 (base 13) to base 4.
1121112312
What is -3c8d2 (base 14) in base 10?
-149928
Convert -1102002001121 (base 3) to base 11.
-472093
Convert 9b5ca5 (base 13) to base 4.
31333233130
Convert -83560 (base 9) to base 3.
-2210122000
What is -8992 (base 15) in base 4?
-13013222
b8067c (base 14) to base 15
82e538
60a12 (base 12) to base 2
11110101110101110
What is -21853 (base 11) in base 12?
-16387
Convert 55405 (base 10) to base 8.
154155
298310 (base 10) to base 12
124772
Convert -25534150 (base 7) to base 2.
-1000111000010111011001
112100102012 (base 3) to base 10
282425
Convert 23535221 (base 6) to base 3.
1101210021011
Convert 20538 (base 12) to base 10.
42236
-526255 (base 9) to base 16
-4c679
What is 11142113 (base 5) in base 8?
302512
What is 414a (base 16) in base 15?
4e44
5528 (base 12) to base 15
2bb2
51a (base 13) to base 4
31210
-155727 (base 11) to base 10
-241787
What is 380a675 (base 11) in base 12?
22714a1
Convert 448122 (base 9) to base 12.
10b385
Convert 20213204 (base 5) to base 15.
336d9
What is -1a638d (base 14) in base 5?
-220023121
172681 (base 15) to base 3
2010000001111
Convert -2d6a0 (base 14) to base 10.
-113820
Convert -1111000101011110111001 (base 2) to base 4.
-33011132321
Convert 123331 (base 12) to base 14.
79bdb
Convert 1341040 (base 8) to base 3.
201011122220
-179875a (base 12) to base 11
-2867533
What is -1233344032 (base 5) in base 13?
-820335
9254 (base 15) to base 8
74270
What is -1617722 (base 9) in base 2?
-11011011001111000010
Convert -a2905 (base 11) to base 15.
-2e761
What is 6c2d5 (base 15) in base 4?
1110031010
Convert -5840890 (base 10) to base 12.
-1b5818a
981a62 (base 11) to base 12
638124
What is -279700 (base 14) in base 11?
-856856
Convert 2022222202 (base 3) to base 14.
12a40
-17611136 (base 8) to base 3
-21210000001111
What is -3342417 (base 9) in base 12?
-729474
63ac77 (base 14) to base 12
1167535
What is -10aee3 (base 15) in base 6?
-25023240
-10647a6 (base 11) to base 15
-26cbe9
Convert 27877 (base 14) to base 4.
113312301
Convert 5561001 (base 7) to base 15.
d8870
301312111032 (base 4) to base 14
1a4235c
What is 235302520 (base 6) in base 5?
2120100042
-25c1c (base 14) to base 6
-1554122
Convert 31118 (base 9) to base 5.
1124020
Convert -10101001110101111010 (base 2) to base 15.
-db1d4
-273450 (base 9) to base 13
-5aa8c
What is -21233201 (base 5) in base 6?
-3511150
What is 10012312220 (base 4) in base 8?
4066650
Convert 225642 (base 7) to base 2.
1001111000000111
Convert -313430434 (base 6) to base 2.
-10100111101010010010110
-2210233011 (base 4) to base 3
-1021021121000
Convert 100001012222 (base 3) to base 4.
223131311
-629d (base 15) to base 3
-1001121011
Convert -1201011100 (base 3) to base 15.
-9e86
What is -767ca (base 14) in base 5?
-33140201
What is d48a9 (base 14) in base 11?
31a827
112013030 (base 4) to base 11
62059
What is 130a914 (base 13) in base 8?
26600644
10011110001100001 (base 2) to base 7
455063
121014430 (base 7) to base 9
15152044
-110001111220 (base 3) to base 8
-717364
Convert 1020515 (base 6) to base 9.
74732
What is 11223133 (base 5) in base 6?
2102404
What is -101100011110001010 (base 2) in base 15?
-38e89
-1428844 (base 9) to base 5
-200143104
What is 1413540 (base 6) in base 10?
79908
-10100011101100000011010 (base 2) to base 3
-101002111122222
What is -11011000111100110 (base 2) in base 11?
-76500
Convert 14216055 (base 9) to base 15.
94042b
-159469 (base 12) to base 16
-5a051
Convert -218863 (base 10) to base 9.
-363201
120101000112 (base 3) to base 6
10252405
Convert -332186 (base 9) to base 8.
-603457
Convert -b7dc (base 15) to base 8.
-113773
43b80 (base 14) to base 16
28144
-1729 (base 15) to base 14
-1b65
What is -675ca8 (base 14) in base 11?
-1a89747
Convert 111000010110010001 (base 2) to base 13.
8108c
What is 232414 (base 5) in base 13?
3b28
What is -106249 (base 10) in base 5?
-11344444
Convert 1151657 (base 9) to base 11.
397274
Convert -11668273 (base 9) to base 10.
-5714130
What is -415434145 (base 6) in base 15?
-98856b
750163 (base 12) to base 16
1c29db
158b2 (base 12) to 